{"id":435,"date":"2022-05-10T16:36:18","date_gmt":"2022-05-10T14:36:18","guid":{"rendered":"https:\/\/zwangsarbeit-in-berlin.de\/de\/?post_type=bio&#038;p=435"},"modified":"2022-09-14T13:01:46","modified_gmt":"2022-09-14T11:01:46","slug":"frantisek-g","status":"publish","type":"bio","link":"https:\/\/zwangsarbeit-in-berlin.de\/en\/bio\/frantisek-g\/","title":{"rendered":"Franti\u0161ek G."},"content":{"rendered":"<p><\/p>\n<ul>\n<li>1925: Born in N\u011bmeck\u00e1 Lutyn\u011b, Czechoslovakia, into a family from the Polish minority<\/li>\n<li>1942: Family arrested by the Germans, mother died at Auschwitz concentration camp<\/li>\n<li>1943: Deported to Pommern for forced labour, arrested, brought to Ravensbr\u00fcck concentration camp<\/li>\n<li>1944: Relocation to the Berlin-Lichterfelde subcamp<\/li>\n<li>Forced labour defusing bombs and clearing rubble in Berlin<\/li>\n<li>1945: Death march, liberation and return to Czechoslovakia<\/li>\n<li>After 1945: Studied economics, marriage, birth of a son<\/li>\n<li>2005: Audio interview, online archive \u201cForced Labor 1939-1945\u201d<\/li>\n<\/ul>\n<p><\/p>","protected":false},"excerpt":{"rendered":"<p>Born 1925 in Czechoslovakia. Forced labour as a concentration camp inmate defusing bombs<\/p>\n","protected":false},"featured_media":436,"menu_order":0,"template":"","class_list":["post-435","bio","type-bio","status-publish","has-post-thumbnail","hentry"],"meta_box":{"id":"13","picture":{"width":150,"height":150,"file":"2022\/05\/gil-bio-f.jpg","filesize":36091,"sizes":{"medium":{"file":"gil-bio-f-300x300.jpg","width":300,"height":300,"mime-type":"image\/jpeg","filesize":16159,"url":"https:\/\/zwangsarbeit-in-berlin.de\/wp-content\/uploads\/2022\/05\/gil-bio-f-300x300.jpg"},"thumbnail":{"file":"gil-bio-f-150x150.jpg","width":150,"height":150,"mime-type":"image\/jpeg","url":"https:\/\/zwangsarbeit-in-berlin.de\/wp-content\/uploads\/2022\/05\/gil-bio-f-150x150.jpg"}},"image_meta":{"aperture":"0","credit":"FU-Berlin, CeDiS Centrum f\u00fcr Di","camera":"","caption":"","created_timestamp":"0","copyright":"","focal_length":"0","iso":"0","shutter_speed":"0","title":"","orientation":"0","keywords":["Zwangsarbeit","Zwangsarbeiter"]},"ID":"437","name":"gil-bio-f.jpg","path":"\/www\/htdocs\/w0177182\/zwangsarbeit-in-berlin.de\/wp\/wp-content\/uploads\/2022\/05\/gil-bio-f.jpg","url":"https:\/\/zwangsarbeit-in-berlin.de\/wp-content\/uploads\/2022\/05\/gil-bio-f-150x150.jpg","full_url":"https:\/\/zwangsarbeit-in-berlin.de\/wp-content\/uploads\/2022\/05\/gil-bio-f.jpg","title":"gil-bio-f","caption":"","description":"","alt":"","srcset":"https:\/\/zwangsarbeit-in-berlin.de\/wp-content\/uploads\/2022\/05\/gil-bio-f-150x150.jpg 150w, https:\/\/zwangsarbeit-in-berlin.de\/wp-content\/uploads\/2022\/05\/gil-bio-f-300x300.jpg 300w, https:\/\/zwangsarbeit-in-berlin.de\/wp-content\/uploads\/2022\/05\/gil-bio-f.jpg 620w"},"country":"CS"},"_links":{"self":[{"href":"https:\/\/zwangsarbeit-in-berlin.de\/en\/wp-json\/wp\/v2\/bio\/435","targetHints":{"allow":["GET"]}}],"collection":[{"href":"https:\/\/zwangsarbeit-in-berlin.de\/en\/wp-json\/wp\/v2\/bio"}],"about":[{"href":"https:\/\/zwangsarbeit-in-berlin.de\/en\/wp-json\/wp\/v2\/types\/bio"}],"wp:featuredmedia":[{"embeddable":true,"href":"https:\/\/zwangsarbeit-in-berlin.de\/en\/wp-json\/wp\/v2\/media\/436"}],"wp:attachment":[{"href":"https:\/\/zwangsarbeit-in-berlin.de\/en\/wp-json\/wp\/v2\/media?parent=435"}],"curies":[{"name":"wp","href":"https:\/\/api.w.org\/{rel}","templated":true}]}}

František G.

<p></p>
<ul>
<li>1925: Born in Německá Lutyně, Czechoslovakia, into a family from the Polish minority</li>
<li>1942: Family arrested by the Germans, mother died at Auschwitz concentration camp</li>
<li>1943: Deported to Pommern for forced labour, arrested, brought to Ravensbrück concentration camp</li>
<li>1944: Relocation to the Berlin-Lichterfelde subcamp</li>
<li>Forced labour defusing bombs and clearing rubble in Berlin</li>
<li>1945: Death march, liberation and return to Czechoslovakia</li>
<li>After 1945: Studied economics, marriage, birth of a son</li>
<li>2005: Audio interview, online archive “Forced Labor 1939-1945”</li>
</ul>
<p></p>

FU-Berlin, CeDiS Centrum für Di
