{"id":140,"date":"2022-05-11T18:12:54","date_gmt":"2022-05-11T16:12:54","guid":{"rendered":"https:\/\/zwangsarbeit-in-berlin.de\/de\/?post_type=station&#038;p=140"},"modified":"2022-05-29T19:17:31","modified_gmt":"2022-05-29T17:17:31","slug":"spaete-entschaedigung","status":"publish","type":"station","link":"https:\/\/zwangsarbeit-in-berlin.de\/de\/station\/spaete-entschaedigung\/","title":{"rendered":"Sp\u00e4te Entsch\u00e4digung"},"content":{"rendered":"<p>Jahrzehntelang verweigerten Regierungen und Unternehmen den ehemaligen Zwangsarbeiter*innen eine Entsch\u00e4digung.<\/p>\n<p>Erst im Jahr 2000 erzwangen Sammelklagen j\u00fcdischer \u00dcberlebender aus den USA die Gr\u00fcndung der von Staat und Wirtschaft finanzierten Stiftung \u201eErinnerung, Verantwortung und Zukunft\u201c.<\/p>\n<p>Sie zahlte an knapp 1,7 Millionen \u00dcberlebende \u2013 je nach Verfolgungsschicksal \u2013 zwischen 500 und 7.700 Euro aus. Kriegsgefangene und westeurop\u00e4ische Zivilarbeiter*innen waren von diesen Zahlungen ausgeschlossen.<\/p>\n<p>Die Entsch\u00e4digung sollte einen finanziellen, aber keinen moralischen Schlussstrich darstellen. Die Stiftung f\u00f6rdert weiterhin verschiedene Erinnerungsprojekte, darunter auch diese App.<\/p>","protected":false},"template":"","class_list":["post-140","station","type-station","status-publish","hentry"],"meta_box":{"id":"211","goto":"200 m n\u00f6rdlich vom Checkpoint Charlie","street":"Friedrichstra\u00dfe 200","city":"Berlin","zip":"10117","gps":"52.50970941102647, 13.3898127","directions":"U Hallesches Tor","picture":{"width":150,"height":150,"file":"2022\/05\/lindenstr-evz-f.jpg","filesize":195491,"sizes":{"medium":{"file":"lindenstr-evz-f-300x200.jpg","width":300,"height":200,"mime-type":"image\/jpeg","filesize":16950,"url":"https:\/\/zwangsarbeit-in-berlin.de\/wp-content\/uploads\/2022\/05\/lindenstr-evz-f-300x200.jpg"},"large":{"file":"lindenstr-evz-f-1024x682.jpg","width":1024,"height":682,"mime-type":"image\/jpeg","url":"https:\/\/zwangsarbeit-in-berlin.de\/wp-content\/uploads\/2022\/05\/lindenstr-evz-f-1024x682.jpg"},"thumbnail":{"file":"lindenstr-evz-f-150x150.jpg","width":150,"height":150,"mime-type":"image\/jpeg","url":"https:\/\/zwangsarbeit-in-berlin.de\/wp-content\/uploads\/2022\/05\/lindenstr-evz-f-150x150.jpg"},"medium_large":{"file":"lindenstr-evz-f-768x512.jpg","width":768,"height":512,"mime-type":"image\/jpeg","url":"https:\/\/zwangsarbeit-in-berlin.de\/wp-content\/uploads\/2022\/05\/lindenstr-evz-f-768x512.jpg"}},"image_meta":{"aperture":"1.8","credit":"","camera":"iPhone 7","caption":"","created_timestamp":"0","copyright":"","focal_length":"4","iso":"20","shutter_speed":"0.000699790062981","title":"","orientation":"1","keywords":[]},"ID":"397","name":"lindenstr-evz-f.jpg","path":"\/www\/htdocs\/w0177182\/zwangsarbeit-in-berlin.de\/wp\/wp-content\/uploads\/2022\/05\/lindenstr-evz-f.jpg","url":"https:\/\/zwangsarbeit-in-berlin.de\/wp-content\/uploads\/2022\/05\/lindenstr-evz-f-150x150.jpg","full_url":"https:\/\/zwangsarbeit-in-berlin.de\/wp-content\/uploads\/2022\/05\/lindenstr-evz-f.jpg","title":"21101","caption":"[:de]Vor der Victoria-Versicherung[:en]Vor der Victoria-Versicherung[:]","description":"Cord Pagenstecher","alt":"","srcset":false},"media":[211,212,213],"bios":[440],"sources":"\u201eEntsch\u00e4digung f\u00fcr Zwangsarbeiter*innen\u201c: Barbara Mattauch (1); Sammlung Berliner Geschichtswerkstatt (2, 3)<\/br>\u201e4,37 Milliarden\u201c: Interview mit G\u00fcnter Saathoff, 2009, Online-Archiv \u201eZwangsarbeit 1939-1945\u201c<\/br>\u201eKeine Entsch\u00e4digung\u201c: Interview mit Janina Halina G., 2005, Online-Archiv \u201eZwangsarbeit 1939-1945\u201c, za255"},"_links":{"self":[{"href":"https:\/\/zwangsarbeit-in-berlin.de\/de\/wp-json\/wp\/v2\/station\/140","targetHints":{"allow":["GET"]}}],"collection":[{"href":"https:\/\/zwangsarbeit-in-berlin.de\/de\/wp-json\/wp\/v2\/station"}],"about":[{"href":"https:\/\/zwangsarbeit-in-berlin.de\/de\/wp-json\/wp\/v2\/types\/station"}],"wp:attachment":[{"href":"https:\/\/zwangsarbeit-in-berlin.de\/de\/wp-json\/wp\/v2\/media?parent=140"}],"curies":[{"name":"wp","href":"https:\/\/api.w.org\/{rel}","templated":true}]}}

Späte Entschädigung

<p>Jahrzehntelang verweigerten Regierungen und Unternehmen den ehemaligen Zwangsarbeiter*innen eine Entschädigung.</p>
<p>Erst im Jahr 2000 erzwangen Sammelklagen jüdischer Überlebender aus den USA die Gründung der von Staat und Wirtschaft finanzierten Stiftung „Erinnerung, Verantwortung und Zukunft“.</p>
<p>Sie zahlte an knapp 1,7 Millionen Überlebende – je nach Verfolgungsschicksal – zwischen 500 und 7.700 Euro aus. Kriegsgefangene und westeuropäische Zivilarbeiter*innen waren von diesen Zahlungen ausgeschlossen.</p>
<p>Die Entschädigung sollte einen finanziellen, aber keinen moralischen Schlussstrich darstellen. Die Stiftung fördert weiterhin verschiedene Erinnerungsprojekte, darunter auch diese App.</p>

200 m nördlich vom Checkpoint Charlie

Friedrichstraße 200

„Entschädigung für Zwangsarbeiter*innen“: Barbara Mattauch (1); Sammlung Berliner Geschichtswerkstatt (2, 3)</br>„4,37 Milliarden“: Interview mit Günter Saathoff, 2009, Online-Archiv „Zwangsarbeit 1939-1945“</br>„Keine Entschädigung“: Interview mit Janina Halina G., 2005, Online-Archiv „Zwangsarbeit 1939-1945“, za255
