{"id":485,"date":"2022-05-10T17:07:14","date_gmt":"2022-05-10T15:07:14","guid":{"rendered":"https:\/\/zwangsarbeit-in-berlin.de\/de\/?post_type=bio&#038;p=485"},"modified":"2022-09-14T13:02:38","modified_gmt":"2022-09-14T11:02:38","slug":"gerard-de-ruiter","status":"publish","type":"bio","link":"https:\/\/zwangsarbeit-in-berlin.de\/de\/bio\/gerard-de-ruiter\/","title":{"rendered":"Gerard de Ruiter"},"content":{"rendered":"<p><\/p>\n<ul>\n<li>Geboren in den Niederlanden<\/li>\n<li>1943: Teilnahme am Widerstand, Verhaftung<\/li>\n<li>Einlieferung ins KZ-Au\u00dfenlager Berlin-Lichterfelde, Zwangsarbeit als KZ-H\u00e4ftling bei den Neubauten der Reichshauptstadt \u201eGermania\u201c und beim Bombenr\u00e4umen<\/li>\n<li>1945: Todesmarsch von Sachsenhausen, Flucht<\/li>\n<li>Nach 1945: R\u00fcckkehr in die Heimat<\/li>\n<li>Seit den 1990er Jahren: Auftritte als Zeitzeuge<\/li>\n<li>Gerard de Ruiter ist 2014 verstorben.<\/li>\n<\/ul>\n<p><\/p>","protected":false},"excerpt":{"rendered":"<p>Geboren in den Niederlanden. Zwangsarbeit als KZ-H\u00e4ftling auf Baustellen und beim Tr\u00fcmmerr\u00e4umen<\/p>\n","protected":false},"featured_media":486,"menu_order":0,"template":"","class_list":["post-485","bio","type-bio","status-publish","has-post-thumbnail","hentry"],"meta_box":{"id":"30","picture":{"width":150,"height":150,"file":"2022\/05\/ruiter-bio-f.jpg","filesize":37798,"sizes":{"medium":{"file":"ruiter-bio-f-300x271.jpg","width":300,"height":271,"mime-type":"image\/jpeg","filesize":14108,"url":"https:\/\/zwangsarbeit-in-berlin.de\/wp-content\/uploads\/2022\/05\/ruiter-bio-f-300x271.jpg"},"thumbnail":{"file":"ruiter-bio-f-150x150.jpg","width":150,"height":150,"mime-type":"image\/jpeg","url":"https:\/\/zwangsarbeit-in-berlin.de\/wp-content\/uploads\/2022\/05\/ruiter-bio-f-150x150.jpg"}},"image_meta":{"aperture":"0","credit":"","camera":"","caption":"","created_timestamp":"0","copyright":"","focal_length":"0","iso":"0","shutter_speed":"0","title":"","orientation":"0","keywords":[]},"ID":"487","name":"ruiter-bio-f.jpg","path":"\/www\/htdocs\/w0177182\/zwangsarbeit-in-berlin.de\/wp\/wp-content\/uploads\/2022\/05\/ruiter-bio-f.jpg","url":"https:\/\/zwangsarbeit-in-berlin.de\/wp-content\/uploads\/2022\/05\/ruiter-bio-f-150x150.jpg","full_url":"https:\/\/zwangsarbeit-in-berlin.de\/wp-content\/uploads\/2022\/05\/ruiter-bio-f.jpg","title":"ruiter-bio-f","caption":"","description":"","alt":"","srcset":false},"country":"NL"},"_links":{"self":[{"href":"https:\/\/zwangsarbeit-in-berlin.de\/de\/wp-json\/wp\/v2\/bio\/485","targetHints":{"allow":["GET"]}}],"collection":[{"href":"https:\/\/zwangsarbeit-in-berlin.de\/de\/wp-json\/wp\/v2\/bio"}],"about":[{"href":"https:\/\/zwangsarbeit-in-berlin.de\/de\/wp-json\/wp\/v2\/types\/bio"}],"wp:featuredmedia":[{"embeddable":true,"href":"https:\/\/zwangsarbeit-in-berlin.de\/de\/wp-json\/wp\/v2\/media\/486"}],"wp:attachment":[{"href":"https:\/\/zwangsarbeit-in-berlin.de\/de\/wp-json\/wp\/v2\/media?parent=485"}],"curies":[{"name":"wp","href":"https:\/\/api.w.org\/{rel}","templated":true}]}}

<p></p>
<ul>
<li>Geboren in den Niederlanden</li>
<li>1943: Teilnahme am Widerstand, Verhaftung</li>
<li>Einlieferung ins KZ-Außenlager Berlin-Lichterfelde, Zwangsarbeit als KZ-Häftling bei den Neubauten der Reichshauptstadt „Germania“ und beim Bombenräumen</li>
<li>1945: Todesmarsch von Sachsenhausen, Flucht</li>
<li>Nach 1945: Rückkehr in die Heimat</li>
<li>Seit den 1990er Jahren: Auftritte als Zeitzeuge</li>
<li>Gerard de Ruiter ist 2014 verstorben.</li>
</ul>
<p></p>

<p>Geboren in den Niederlanden. Zwangsarbeit als KZ-Häftling auf Baustellen und beim Trümmerräumen</p>
